ltiple of 331?
False
Is 119742210 a multiple of 45?
True
Is 3688322274 a multiple of 42?
True
Does 346 divide 76731382?
True
Does 3331 divide 4015603775?
True
Is 83 a factor of 28911990?
False
Is 316866364 a multiple of 7?
False
Does 1445 divide 50810533?
False
Does 53 divide 44665379?
True
Is 147 a factor of 21368949?
True
Is 237 a factor of 1867797?
True
Does 4533 divide 1405404852?
False
Is 44 a factor of 124636876?
False
Is 9 a factor of 55324656?
True
Is 136324620 a multiple of 927?
True
Is 1465635924 a multiple of 212?
True
Does 448 divide 27514004?
False
Is 151 a factor of 130877692?
False
Is 52 a factor of 31393076?
True
Is 381 a factor of 333476981?
False
Does 8 divide 2048630?
False
Is 49606196 a multiple of 31?
False
Is 12 a factor of 4116462224?
False
Does 13209 divide 3332512633?
False
Is 190967376 a multiple of 3027?
True
Is 107394215 a multiple of 228?
False
Is 4237468367 a multiple of 3175?
False
Does 128 divide 205416003?
False
Is 5091 a factor of 1870578929?
False
Is 81 a factor of 726586929?
True
Is 1864 a factor of 306085786?
False
Is 35488484 a multiple of 18?
False
Does 5018 divide 579092254?
True
Is 1918325530 a multiple of 110?
True
Does 44 divide 199349555?
False
Does 32 divide 111205600?
True
Is 36951106 a multiple of 12?
False
Does 322 divide 59516526?
False
Is 3209 a factor of 43339275?
False
Is 949168233 a multiple of 1681?
False
Is 15 a factor of 150194442?
False
Does 17 divide 214864836?
True
Does 956 divide 44777128?
True
Is 474793640 a multiple of 394?
True
Is 11 a factor of 59214660?
False
Does 277 divide 336087424?
True
Is 1063027680 a multiple of 544?
True
Is 18 a factor of 30787902?
True
Is 15 a factor of 41178570?
True
Does 84 divide 754123692?
True
Is 62 a factor of 4792778?
False
Is 347 a factor of 509361300?
True
Is 10 a factor of 5866146880?
True
Is 2313 a factor of 127482711?
False
Is 451829906 a multiple of 97?
False
Is 389 a factor of 1865797266?
True
Is 52809600 a multiple of 100?
True
Does 2 divide 35628296?
True
Is 198827352 a multiple of 27?
True
Is 1295360539 a multiple of 11?
True
Is 146915879 a multiple of 1801?
False
Does 126 divide 22946445?
False
Does 105 divide 3693900?
True
Does 147 divide 22976541?
True
Does 13 divide 46036719?
False
Does 11 divide 39993434?
False
Is 1377 a factor of 261286085?
False
Is 36707331 a multiple of 249?
True
Is 17317 a factor of 5707459010?
False
Does 1595 divide 3083750019?
False
Is 134101989 a multiple of 9?
True
Is 351 a factor of 18495303?
False
Does 60 divide 2875685700?
True
Is 790 a factor of 28729930?
True
Does 1849 divide 350938222?
False
Is 6 a factor of 494898?
True
Is 148688282 a multiple of 95?
False
Is 100486760 a multiple of 10?
True
Does 539 divide 124107984?
True
Does 1319 divide 1634969581?
False
Is 617702483 a multiple of 3710?
False
Is 3320563 a multiple of 158?
False
Does 325 divide 5821568?
False
Is 526 a factor of 4205370?
True
Does 1335 divide 29352769?
False
Does 172 divide 3221256813?
False
Is 34910784 a multiple of 12?
True
Does 182 divide 18366538?
False
Is 11 a factor of 6049463234?
False
Does 4783 divide 812096004?
True
Is 1741092393 a multiple of 9?
False
Is 556 a factor of 670683340?
True
Does 131 divide 41296281?
False
Does 8 divide 5113579?
False
Does 164 divide 329694876?
False
Does 28 divide 1608264?
True
Is 16 a factor of 245441955?
False
Is 55 a factor of 3619735185?
True
Is 511935639 a multiple of 53?
True
Is 269 a factor of 308299787?
False
Is 41924272 a multiple of 53?
True
Is 1737849360 a multiple of 1160?
True
Is 306 a factor of 29310635?
False
Is 231 a factor of 25247933?
False
Is 80344262 a multiple of 6691?
False
Does 152 divide 1754890616?
True
Is 28 a factor of 49190848?
True
Is 3401 a factor of 1278038828?
False
Is 22 a factor of 2941246?
True
Is 272 a factor of 96563394?
False
Is 17 a factor of 70047582?
True
Does 166 divide 4253418?
True
Does 10 divide 22106821?
False
Does 10 divide 839280?
True
Is 2253 a factor of 1633159146?
True
Is 249 a factor of 133186484?
False
Does 11 divide 23154314?
False
Is 165 a factor of 8821029?
False
Is 103640794 a multiple of 3?
False
Does 20 divide 335417840?
True
Is 32657309 a multiple of 602?
False
Does 660 divide 255143563?
False
Does 134 divide 83921922?
True
Is 248361206 a multiple of 26?
False
Does 26 divide 151216?
True
Is 136034887 a multiple of 1046?
False
Is 902523384 a multiple of 1218?
True
Is 110 a factor of 220973926?
False
Is 442838144 a multiple of 2036?
True
Is 484764568 a multiple of 972?
False
Does 46 divide 111888981?
False
Does 499 divide 540834863?
False
Is 197066832 a multiple of 27?
False
Is 9123 a factor of 3386947732?
False
Does 90 divide 68010287?
False
Is 50386366 a multiple of 8?
False
Is 316006515 a multiple of 495?
True
Is 1647575747 a multiple of 9312?
False
Is 163 a factor of 39388286?
False
Is 467829988 a multiple of 1040?
False
Is 158 a factor of 34940278?
True
Is 1360 a factor of 345669184?
False
Is 1836812 a multiple of 1217?
False
Is 14 a factor of 78590407?
False
Does 499 divide 1395792820?
True
Does 2 divide 77914257?
False
Is 1127 a factor of 142483106?
False
Is 180 a factor of 29236916?
False
Is 26434372 a multiple of 303?
False
Is 6 a factor of 1589186698?
False
Does 433 divide 60180072?
True
Does 17 divide 11791710?
True
Is 491 a factor of 253156654?
True
Is 19 a factor of 193065885?
False
Is 44560085 a multiple of 15?
False
Is 585975279 a multiple of 861?
False
Is 21784942 a multiple of 37?
False
Is 28337875 a multiple of 1775?
True
Is 8 a factor of 52228117?
False
Is 21252579 a multiple of 12?
False
Does 85 divide 13780082?
False
Is 1678158 a multiple of 288?
False
Does 52 divide 252722548?
True
Is 689 a factor of 580771?
False
Is 2142 a factor of 133084202?
False
Is 21 a factor of 68042582?
False
Is 558529389 a multiple of 5254?
False
Is 17 a factor of 6774466?
True
Is 31061652 a multiple of 516?
True
Does 5 divide 23326370?
True
Is 109103720 a multiple of 46?
True
Does 803 divide 904360?
False
Does 21 divide 276250869?
False
Does 25 divide 114844811?
False
Is 31319112 a multiple of 88?
True
Is 47 a factor of 83508104?
False
Is 25 a factor of 37153914?
False
Is 31822119 a multiple of 7?
True
Is 727477650 a multiple of 5?
True
Does 25 divide 2243186?
False
Does 427 divide 114292528?
True
Is 88 a factor of 151993512?
True
Does 589 divide 23682610?
False
Is 751 a factor of 31285796?
False
Does 34 divide 2518079134?
True
Does 18 divide 269221032?
True
Does 3822 divide 476878584?
True
Is 12 a factor of 2050471915?
False
Does 1484 divide 590877279?
False
Is 2446 a factor of 2093932171?
False
Does 11 divide 1188914329?
False
Is 788 a factor of 35501764?
True
Does 9 divide 1125293301?
True
Is 548 a factor of 24757423?
False
Is 34 a factor of 31512696?
True
Is 1699162577 a multiple of 1079?
False
Is 899989680 a multiple of 12?
True
Is 3623180 a multiple of 215?
True
Does 675 divide 3852627300?
True
Is 2309372212 a multiple of 14?
True
Is 42563138 a multiple of 17?
True
Is 598501551 a multiple of 79?
True
Is 63951170 a multiple of 1126?
True
Is 55951309 a multiple of 58?
False
Is 154302748 a multiple of 129?
False
Is 52836222 a multiple of 14?
False
Does 3172 divide 43529225?
False
Is 856924306 a multiple of 27?
False
Is 3661792009 a multiple of 5431?
True
Does 14 divide 26202932?
True
Does 28 divide 344136817?
False
Is 14 a factor of 5704552?
True
Is 82196602 a multiple of 67?
False
Is 353392549 a multiple of 101?
False
Is 52 a factor of 40912040?
True
Does 14 divide 1513143436?
True
Is 47890058 a multiple of 1847?
False
Is 14695956 a multiple of 148?
True
Is 5575168 a multiple of 16?
True
Is 316 a factor of 61925572?
True
Is 1486150475 a multiple of 63?
False
Is 59629965 a multiple of 5?
True
Does 109 divide 73699696?
True
Is 69791715 a multiple of 6?
False
Is 32 a factor of 24626592?
True
Is 38548334 a multiple of 520?
False
Does 1563 divide 21524073?
True
Is 3 a factor of 33251964?
True
Is 6234732 a multiple of 189?
True
Is 4877 a factor of 428620022?
True
Does 814 divide 3001690120?
True
Is 22 a factor of 1157845663?
False
Is 750434874 a multiple of 39?
False
Does 303 divide 147770070?
True
Does 3291 divide 5101839?
False
Is 640072394 a multiple of 109?
False
Does 2 divide 4236565?
False
Is 61 a factor of 53871781?
False
Is 488 a 